Let v = -28 + 56. Let c(g) = -6*g + 12. Let l be c(-5). Calculate the greatest common divisor of l and v.
14
Let q = -110 + 222. Calculate the greatest common factor of q and 14.
14
Suppose 5*w + 20 = c, 0*c + 4*w - 68 = -2*c. What is the highest common factor of 10 and c?
10
Let k(u) = u**3 - 3*u**2 + 7*u - 7. Let c be k(6). Suppose 15*z - 17*z = -26. What is the greatest common divisor of z and c?
13
Let b(d) = d**3 - 3*d**2 - d - 9. Let l be b(4). Suppose -l*j + 0*u = -u, -j + 7 = 2*u. Calculate the greatest common divisor of j and 7.
1
Let k be (0 - 1) + 1 + 13. Suppose -2*m = -0*m + 50. Let o = 51 + m. What is the greatest common factor of k and o?
13
Let p be ((-72)/10)/((-46)/115). What is the highest common divisor of 45 and p?
9
Let v(j) = j**3 - 13*j**2 + 10. Let h be v(13). Calculate the highest common divisor of 10 and h.
10
Suppose -405 = -0*k - 5*k. Suppose 5*u + 31 = k. What is the highest common factor of 4 and u?
2
Let h = 75 - 5. Let y(u) = -u**3 - u**2 + u - 5. Suppose -6*k + 6 = -8*k. Let l be y(k). What is the highest common factor of h and l?
10
Let x be -3 - 1/((-2)/30). Let q be 30*2/x*4. Let o = 410 - 250. Calculate the greatest common divisor of q and o.
20
Suppose 42 = -0*g - 3*g. Let b be (-332)/(-14) - 4/g. What is the greatest common divisor of 24 and b?
24
Let f = -4 + -2. Suppose -a - a - 10 = 0. Let r be ((-20)/f)/(a/(-45)). What is the highest common factor of r and 75?
15
Let q = -4 - -1. Let p = 31 + q. Calculate the highest common divisor of p and 70.
14
Suppose -17 = -2*x + 3*w, w = 5*x - 5 - 5. What is the highest common divisor of 4 and x?
1
Suppose -4*d = -2*a + 12, a - 3*d = -4*a + 44. What is the highest common factor of a and 2?
2
Let a be 8 - (-3 + (2 - -2)). What is the greatest common factor of 7 and a?
7
Let v = 155 + -115. Let g = -44 + 74. Suppose 5*z = 2*p + 21, 4*z + 5*p = -0*z + g. What is the greatest common divisor of z and v?
5
Suppose 6*a - a + 4 = 4*y, 3*y = -2*a + 26. Suppose 4*j - 132 = -12. What is the highest common factor of y and j?
6
Let n(u) = u**3 + 7*u**2 - 7*u + 4. Let k be n(-8). Let r be (-2)/k*(-64)/(-8). Let b be 1/1*-1 + 13. What is the greatest common divisor of r and b?
4
Let u(s) = s**3 + 5*s**2 + 2. Let r be u(-5). Suppose r*p - 2 = 8. Calculate the highest common divisor of 35 and p.
5
Let p(k) = k**2 + 17*k - 10. Let c be p(-18). Suppose -113 - 47 = -4*i. Calculate the highest common divisor of c and i.
8
Let u be (5 - 4 - 1) + 19. Calculate the greatest common factor of u and 38.
19
Let m be -5*3/(-9)*3. Let r be 25/20*(m - 1). Suppose 17 = 4*y - 3*y - 2*c, -r*c = 5. Calculate the greatest common divisor of 10 and y.
5
Let j be 2/(-6)*18/2. Let h = 10 + j. Let m(z) = z**3 - 7*z**2 + 4*z - 9. Let u be m(h). What is the greatest common divisor of 171 and u?
19
Let q = 8 + 3. Let i = 10 - q. Let l = i + 6. What is the highest common divisor of l and 25?
5
Let p(q) = -q**3 - 9*q**2 - 9*q + 6. Let b be p(-8). Calculate the highest common divisor of b and 112.
14
Let a be (-8)/(-4)*-1 + 2. Suppose 5*m - 20 = -a*m. Calculate the highest common divisor of m and 2.
2
Let v be (-2 - 2) + 2 + 83. Suppose b + 8 = 17. What is the greatest common factor of b and v?
9
Suppose -j - 37 = -4*n, -5*n - 2 + 49 = -2*j. Calculate the highest common factor of n and 27.
9
Let g be (0 + (-37)/(-1))/(-1). Let l = -25 - g. What is the highest common divisor of 12 and l?
12
Let h = 26 + 9. Calculate the greatest common divisor of 14 and h.
7
Let r(l) = -l + 2. Let z = -9 + 3. Let y be r(z). What is the highest common divisor of 72 and y?
8
Let i be (4 + 0)/(2/(-4)). Let d = 10 + i. Calculate the highest common factor of 16 and d.
2
Suppose x - 11 + 7 = 0. What is the greatest common divisor of x and 1?
1
Let k = 9 + -5. Suppose 2*q - 2 = k*q, 0 = 5*z + 3*q + 3. Suppose -3*m = -5*v - 17, -3*m + 2*v + 2*v + 22 = z. What is the greatest common factor of m and 14?
14
Let c(t) = -2*t. Let o be c(-14). Suppose 5*s - s = o. Calculate the highest common factor of s and 7.
7
Let z = 151 - 88. Suppose -4*o + 21 - 2 = 3*c, 5*c = 4*o + 53. What is the greatest common divisor of c and z?
9
Suppose -4*l - 4 + 5 = i, 0 = -i + 5*l + 10. Let n(h) = 5*h + 11. Let k be n(i). Calculate the highest common factor of k and 12.
12
Let a(g) be the second derivative of g**5/20 + g**4/3 - 5*g**3/6 + 3*g**2/2 - g. Let s be a(-5). What is the highest common divisor of s and 1?
1
Let x(k) = -7*k - 1. Suppose -5*f = -4*f + 4*i - 10, 0 = -3*f - 2*i. Let g be x(f). Calculate the highest common factor of g and 13.
13
Suppose z + h = 32, -z - 4*h = -0*h - 23. Suppose -5 + z = 3*x. Let d = -16 + 26. Calculate the greatest common divisor of d and x.
10
Let a(g) = -4*g - 13. Let f be a(-12). Suppose -2*q + j + 147 = f, -2*q + 5*j = -120. What is the greatest common divisor of 22 and q?
11
Let q(h) = 2*h + 2. Let x be q(2). Suppose -c = -3*c - t + 44, c + 3*t - 12 = 0. Calculate the highest common divisor of c and x.
6
Let c = -9 + 24. Let s(o) = o**3 + 8*o**2 + 3*o + 2. Let j be s(-7). What is the greatest common factor of c and j?
15
Suppose 2*s = s - 3. Let g be 8/s*(-3)/2. Let n be (8/(-10))/(1/(-5)). Calculate the highest common divisor of g and n.
4
Let o be (146/5)/1 + (-4)/(-5). Calculate the highest common factor of 80 and o.
10
Suppose 0 = p + 4*f - 10, -5*p + 43 = -4*f - 7. Let z(s) = -s**3 - 3*s**2 - 2*s + 4. Let k be z(-3). Calculate the greatest common factor of k and p.
10
Let r(z) = 70*z**3 + z**2 - 1. Let h(n) = n. Let f be h(1). Let t be r(f). Let w = t - 38. What is the highest common divisor of w and 4?
4
Let h = 59 - 53. What is the highest common divisor of 48 and h?
6
Let c = 2 - -13. Let t = -104 + -144. Let o = -173 - t. Calculate the highest common divisor of c and o.
15
Suppose -y = -19 + 1. Let r be (56/42)/(4/594). Calculate the greatest common factor of r and y.
18
Let z(i) = -10*i. Let o be z(-1). Let k = 29 - 25. What is the highest common divisor of o and k?
2
Let s(v) = 6 - 15 + 3*v - v. Let w be s(6). Calculate the highest common divisor of w and 2.
1
Let k = -286 - -446. Calculate the greatest common divisor of k and 64.
32
Suppose p = -3*f + 45, 0*f = 5*p + 4*f - 203. Calculate the greatest common divisor of p and 26.
13
Let y(r) = 21*r**3 - r**2 + r - 1. Let k be y(1). Suppose -5*m + 49 = -1. Let g be ((-96)/m)/(4/(-50)). What is the highest common factor of g and k?
20
Suppose 2*l + 12 + 69 = w, -426 = -5*w + 3*l. Let g = -57 + w. Calculate the greatest common factor of g and 5.
5
Let z(k) = k**3 - 7*k**2 - 2*k + 8. Let r be z(8). Suppose 3*p = 5*p - 16. Calculate the highest common divisor of p and r.
8
Suppose -2*d = -18 - 8. Calculate the greatest common divisor of 39 and d.
13
Suppose 7*c = 4*c + 189. Calculate the highest common factor of 9 and c.
9
Let l = -16 + 19. Suppose -p + b - 5*b = -8, l*b - 19 = -4*p. What is the greatest common divisor of p and 32?
4
Let u(h) = -5*h**2 + 0*h**3 + 5 + 3 + h**3 - 5*h. Let r be u(6). What is the highest common factor of r and 56?
14
Suppose 3*b - 5 = 2*b, 2*h + 3*b = 37. Suppose h*n = 10*n + 253. What is the highest common factor of n and 23?
23
Suppose 2*h = 3*p - 13, p - h = 2*p - 11. Let a(r) = -5*r + 8. Let m be a(-11). Calculate the greatest common factor of m and p.
7
Let y be 1/4 - 1/4. Suppose y*n - 56 = -2*n. Suppose 3*s + 12 = 0, -2*s + 4*s - n = -4*f. Calculate the greatest common divisor of f and 45.
9
Let w be -16 - -3 - 6/2. Let p = w + -74. Let l be 1/(-2)*p*1. Calculate the greatest common factor of l and 9.
9
Let m(q) = -q + 11. Let k be m(8). Suppose 2*y - k*y = -9. What is the greatest common factor of 9 and y?
9
Suppose -1153 = -6*n - 163. Calculate the highest common divisor of 22 and n.
11
Suppose -5*s - 2*t + 2 = 0, 2*s + t = 2*t + 8. Calculate the greatest common divisor of s and 8.
2
Suppose -4*l = 2*k + 2, 2*l = -2*k - 0 - 2. Suppose l = -2*w + 8. Calculate the greatest common factor of 4 and w.
4
Let q be 2/(-6)*-9*5. What is the highest common divisor of q and 6?
3
Let s = -40 - -20. Let v = 41 + s. Calculate the highest common divisor of 168 and v.
21
Suppose 0*i - 3*i + 5*u = 2, i = -5*u + 26. Let y(o) = 65*o**3 + 2*o**2 - 2*o + 1. Let p be y(1). Calculate the greatest common factor of p and i.
6
Let p(w) = 42*w